e
Is 4079942497 composite?
False
Is 30642631973 prime?
False
Is 8459755243 prime?
True
Is 27229354391 prime?
True
Is 207500999 a composite number?
False
Is 258514649 prime?
False
Is 81823701103 prime?
True
Is 232158149 a prime number?
False
Is 5158433429 a prime number?
True
Is 144841677 a composite number?
True
Is 146316353 prime?
True
Is 2416303199 a prime number?
True
Is 2208742849 composite?
False
Is 211462459 a prime number?
False
Is 5546935781 composite?
True
Is 1981557619 a prime number?
False
Is 3531828793 prime?
True
Is 56743635197 composite?
False
Is 111082339 prime?
False
Is 816524571 prime?
False
Is 5105975289 composite?
True
Is 31433099171 prime?
False
Is 11146101923 a prime number?
False
Is 17917108387 a composite number?
True
Is 879204241 prime?
True
Is 20660712586 prime?
False
Is 63298591 composite?
False
Is 10288597597 composite?
False
Is 599296778 prime?
False
Is 49882098577 composite?
True
Is 23582651 a composite number?
False
Is 148452985543 a composite number?
True
Is 11426819809 a composite number?
False
Is 13536714811 composite?
True
Is 3323438543 composite?
False
Is 9803942977 prime?
True
Is 5191964467 composite?
False
Is 23877625579 prime?
True
Is 1981801951 a prime number?
True
Is 52672081883 a prime number?
False
Is 19368559261 prime?
True
Is 15015464449 a composite number?
True
Is 3222182161 a composite number?
True
Is 19423596287 a composite number?
False
Is 15520243489 composite?
False
Is 34980040103 a composite number?
False
Is 869907319 a prime number?
True
Is 3588750961 a prime number?
False
Is 1398570083 a prime number?
False
Is 320327531 prime?
False
Is 2033789957 a composite number?
True
Is 625798883 composite?
True
Is 20545780789 a composite number?
False
Is 25741910419 a composite number?
True
Is 1748991991 a composite number?
False
Is 1540333651 a composite number?
True
Is 231172910939 prime?
True
Is 9431257697 composite?
False
Is 2511433333 prime?
True
Is 5346642017 prime?
False
Is 545250311 a composite number?
False
Is 1558886779 a composite number?
True
Is 92658895577 composite?
True
Is 108900869681 prime?
False
Is 4565595403 prime?
False
Is 9289043446 composite?
True
Is 17833766857 prime?
False
Is 355121813602 a composite number?
True
Is 35683315 composite?
True
Is 23354408347 a prime number?
True
Is 3155374126 a composite number?
True
Is 10348335059 prime?
True
Is 129545974903 a prime number?
True
Is 961946399 a prime number?
False
Is 764793241 composite?
False
Is 2489761811 prime?
True
Is 653580061 composite?
False
Is 264749314 prime?
False
Is 68042513641 prime?
False
Is 2724718657 a prime number?
True
Is 3379057439 prime?
True
Is 37665856391 a composite number?
False
Is 6600403973 composite?
True
Is 592271341 composite?
True
Is 37263101861 a composite number?
False
Is 24761268491 a composite number?
False
Is 1809538637 a composite number?
True
Is 234434686 a composite number?
True
Is 5946841663 composite?
True
Is 1951445917 composite?
True
Is 4364472638 a prime number?
False
Is 5118319093 composite?
False
Is 43499147339 a prime number?
True
Is 716830061 prime?
False
Is 4165405201 a composite number?
False
Is 19168588627 composite?
False
Is 1217744551 a composite number?
False
Is 89281881439 composite?
True
Is 388542421 a prime number?
False
Is 1399504213 composite?
True
Is 22029702283 prime?
False
Is 51325013539 a prime number?
False
Is 177793153 prime?
False
Is 120963108905 a prime number?
False
Is 4151255111 prime?
True
Is 39058560311 prime?
True
Is 4990878323 composite?
True
Is 1160062061 composite?
False
Is 273776759 a composite number?
False
Is 36030351727 prime?
True
Is 8064107999 composite?
True
Is 11445272537 prime?
False
Is 39518946193 a composite number?
True
Is 23741352119 composite?
False
Is 294887741 a prime number?
True
Is 712134919 prime?
True
Is 242714299 prime?
False
Is 46797284047 a composite number?
False
Is 26659766147 a prime number?
False
Is 1929108149 a composite number?
True
Is 1193450513 composite?
True
Is 271601669 a composite number?
True
Is 1869296615 composite?
True
Is 611372303 composite?
False
Is 12296549339 a prime number?
False
Is 22694258753 prime?
False
Is 1950595607 composite?
True
Is 431854459 a composite number?
True
Is 1572740605 a prime number?
False
Is 11360467129 prime?
False
Is 1824052249 composite?
False
Is 50042133089 a prime number?
False
Is 7377788413 a composite number?
True
Is 56057857751 a prime number?
False
Is 14516581907 a composite number?
True
Is 16597416569 composite?
False
Is 60261769 prime?
True
Is 67081823371 prime?
True
Is 445353539 a composite number?
True
Is 6936103747 prime?
True
Is 72376633913 prime?
False
Is 23280512107 composite?
True
Is 1911838531 composite?
True
Is 42307360873 a composite number?
True
Is 2287727203 prime?
True
Is 181327493 composite?
False
Is 1988721923 prime?
False
Is 1272621583 prime?
False
Is 4216831001 a prime number?
True
Is 6080976661 prime?
False
Is 45752639 a prime number?
False
Is 44970997499 a prime number?
True
Is 56570234449 a prime number?
True
Is 7836041227 prime?
False
Is 105476867911 a composite number?
False
Is 21657896133 a composite number?
True
Is 33713617601 composite?
True
Is 68307874571 composite?
False
Is 27257120647 prime?
True
Is 407974991 prime?
True
Is 789942089 composite?
False
Is 15123288281 a composite number?
True
Is 14785005083 a composite number?
True
Is 6951916189 prime?
False
Is 2661612959 a composite number?
False
Is 1000805303 prime?
True
Is 184178363 a composite number?
False
Is 8456336507 a composite number?
True
Is 4620346117 a prime number?
False
Is 46664543909 composite?
True
Is 565875119 composite?
True
Is 8730706787 a prime number?
False
Is 1019664923 a prime number?
True
Is 24279812833 prime?
False
Is 60537203 a prime number?
False
Is 2737686473 composite?
False
Is 3111047 a prime number?
False
Is 787161379 a composite number?
True
Is 5039301031 prime?
True
Is 1056527047 composite?
False
Is 10491954857 composite?
True
Is 7666097819 a prime number?
True
Is 12812149847 a composite number?
True
Is 3708958073 composite?
True
Is 171760737 composite?
True
Is 4227609923 a composite number?
False
Is 77213767369 composite?
True
Is 4265578073 composite?
True
Is 253484876569 prime?
True
Is 2266872371 a prime number?
True
Is 379784263 a prime number?
True
Is 583533883 prime?
False
Is 152218679 prime?
False
Is 78560791091 prime?
True
Is 921980431 prime?
False
Is 1173905521 a composite number?
False
Is 3151941473 composite?
True
Is 912598691 a prime number?
False
Is 335245429 prime?
True
Is 1486720973 prime?
False
Is 3351748259 prime?
True
Is 1399703927 a composite number?
False
Is 598139189 a prime number?
False
Is 61943067887 prime?
False
Is 593472245 a prime number?
False
Is 282285431083 prime?
True
Is 27428159489 composite?
True
Is 2020977913 a prime number?
False
Is 7980098569 composite?
True
Is 17757497491 prime?
False
Is 5404947787 a prime number?
False
Is 208999033 a prime number?
True
Is 3666827069 prime?
True
Is 385839271 composite?
False
Is 24380724301 a prime number?
False
Is 56478627353 a prime number?
True
Is 2463209747 a prime number?
False
Is 2171408957 prime?
True
Is 2935937 a composite number?
True
Is 320421727 composite?
True
Is 3970369093 a prime number?
True
Is 296203343 composite?
True
Is 626668769 prime?
True
Is 199799529785 composite?
True
Is 159277612223 a prime number?
True
Is 5180278657 a composite number?
False
Is 5886370211 prime?
False
Is 9129195749 a composite number?
False
Is 26503795477 prime?
True
Is 11769641617 a composite number?
False
Is 776387607 a composite number?
True
Is 118438443023 prime?
False
Is 413193953 composite?
True
Is 290438867 a composite number?
False
Is 688046719 composite?
False
Is 2846892831 a composite number?
True
Is 538619357 a prime number?
False
Is 2833976263 prime?
False
Is 7498643597 a prime number?
True
Is 5818805701 a prime number?
True
Is 7590614705 a prime number?
False
Is 71835703 a prime number?
True
Is 8085247829 a prime number?
False
Is 333602317 composite?
False
Is 2766969701 a prime number?
False
Is 680462623 composite?
False
Is 167973163 a composite number?
True
Is 1677114197 a prime number?
False
Is 324516977 composite?
True
Is 231530121077 a prime number?
True
Is 8303151061 a prime number?
True
Is 860428